{"id":53,"date":"2024-11-05T19:21:06","date_gmt":"2024-11-05T18:21:06","guid":{"rendered":"http:\/\/yoganesha-aubagne.fr\/?page_id=53"},"modified":"2026-04-30T14:30:16","modified_gmt":"2026-04-30T12:30:16","slug":"tarifs","status":"publish","type":"page","link":"https:\/\/yoganesha-aubagne.fr\/index.php\/tarifs\/","title":{"rendered":"Tarifs"},"content":{"rendered":"\n<p>Nous proposons plusieurs options de tarif pour r\u00e9pondre aux besoins de chacun&nbsp;:<\/p>\n\n\n\n<p><strong>Offre de Parrainage:<\/strong><br><strong>1<\/strong> personne amen\u00e9e =<strong>1<\/strong> cours offert pour vous.<br><em><sup>(Offre valable pour une personne effectuant son 1er cours d&rsquo;essai \u00e0 10\u20ac et une seule fois par personne; un cours est offert ou ajout\u00e9 \u00e0 votre carte de cours. Offre non cumulable)<\/sup><\/em><\/p>\n\n\n\n<p><strong>Pour d\u00e9couvrir:<\/strong><br>Cours d\u2019essai <strong>10\u20ac<\/strong> <em><sup>(possibilit\u00e9 de prendre 2 cours \u00e0 ce tarif)<\/sup><\/em><\/p>\n\n\n\n<p><strong>Pour essayer, pratiquer occasionnellement sans s\u2019engager:<\/strong><br>Cours \u00e0 l\u2019unit\u00e9&nbsp;: <strong>20\u20ac<\/strong><\/p>\n\n\n\n<p><strong>Pour pratiquer r\u00e9guli\u00e8rement:<\/strong><br><em><sup>(Cartes valables jusqu\u2019au 30\/06\/2026)<\/sup><\/em><br>Carte<strong> 5<\/strong> cours&nbsp;: <strong>85 \u20ac<\/strong><br>Carte <strong>10<\/strong> cours&nbsp;: <strong>160\u20ac<\/strong><br>Carte <strong>20<\/strong> cours&nbsp;: <strong>290 \u20ac<\/strong><\/p>\n\n\n\n<p><strong>Carte Duo<\/strong> <br>Deux cartes de 10 ou 20 cours =  <strong>-10%<\/strong> de r\u00e9duction sur la 2\u00e8me carte<br><sup><em>(hors frais d&rsquo;adh\u00e9sion, offre r\u00e9serv\u00e9e aux couples ou membres d&rsquo;une m\u00eame famille relevant du m\u00eame foyer fiscal &#8211; justificatif demand\u00e9 et achetant simultan\u00e9ment 2 cartes de 10 ou 20, 10% de r\u00e9duction appliqu\u00e9 sur la carte la moins ch\u00e8re des 2)<\/em><\/sup><\/p>\n\n\n\n<p><strong>Pour pratiquer passionn\u00e9ment:<\/strong><br>Abonnement <strong>4<\/strong> cours par mois : <strong>55 \u20ac<\/strong> \/ mois<sup><em>(avec engagement jusqu&rsquo;au 30 juin 2026)<\/em><\/sup><br>Abonnement <strong>8 <\/strong>cours par mois : <strong>89\u20ac<\/strong> \/ mois<sup><em>(avec engagement jusqu&rsquo;au 30 juin 2026)<\/em><\/sup><br>Abonnement illimit\u00e9: <strong>109 \u20ac<\/strong> \/ mois <sup><em>(avec engagement jusqu&rsquo;au 30 juin 2026)<\/em><\/sup><br>Abonnement illimit\u00e9: <strong>120 \u20ac<\/strong> \/ mois <em><sup>(sans engagement)<\/sup><\/em><\/p>\n\n\n\n<p><strong>Pour tous&nbsp;:<\/strong><br>Adh\u00e9sion&nbsp;: <strong>15 \u20ac<\/strong><br><em><sup>(L&rsquo;adh\u00e9sion est obligatoire pour suivre les cours &#8211; sauf les 2 cours d&rsquo;essai et les cours \u00e0 l&rsquo;unit\u00e9. Elle est due une seule fois pour l&rsquo;ann\u00e9e scolaire courante et valable jusqu&rsquo;au 31\/08\/2026).<\/sup><\/em><\/p>\n\n\n\n<p><strong>Pour les Entreprises&nbsp;:<\/strong><br>Cours d\u00e9di\u00e9 \u00e0 vos salari\u00e9s dans nos locaux&nbsp;: \u00e0 partir de <strong>90 \u20ac<\/strong> la s\u00e9ance<br>Cours d\u00e9di\u00e9 \u00e0 vos salari\u00e9s dans vos locaux: contactez nous<br><sup>(cours d\u00e9di\u00e9 de 1 \u00e0 6 \u00e9l\u00e8ves 90\u20ac et 7\u20ac par \u00e9l\u00e8ve suppl\u00e9mentaire au-del\u00e0 de 6 et jusqu&rsquo;\u00e0 12 dans les locaux de Yoganesha)<\/sup><\/p>\n\n\n\n<p><\/p>\n\n\n\n<p><\/p>\n\n\n\n<p class=\"has-small-font-size\"><\/p>\n\n\n\n<p class=\"has-small-font-size\"><\/p>\n\n\n\n<p><\/p>\n","protected":false},"excerpt":{"rendered":"<p>Nous proposons plusieurs options de tarif pour r\u00e9pondre aux besoins de chacun&nbsp;: Offre de Parrainage:1 personne amen\u00e9e =1 cours offert [&hellip;]<\/p>\n","protected":false},"author":1,"featured_media":0,"parent":0,"menu_order":0,"comment_status":"closed","ping_status":"closed","template":"","meta":{"site-sidebar-layout":"default","site-content-layout":"","ast-site-content-layout":"","site-content-style":"default","site-sidebar-style":"default","ast-global-header-display":"","ast-banner-title-visibility":"","ast-main-header-display":"","ast-hfb-above-header-display":"","ast-hfb-below-header-display":"","ast-hfb-mobile-header-display":"","site-post-title":"","ast-breadcrumbs-content":"","ast-featured-img":"","footer-sml-layout":"","theme-transparent-header-meta":"","adv-header-id-meta":"","stick-header-meta":"","header-above-stick-meta":"","header-main-stick-meta":"","header-below-stick-meta":"","astra-migrate-meta-layouts":"default","ast-page-background-enabled":"default","ast-page-background-meta":{"desktop":{"background-color":"var(--ast-global-color-4)","background-image":"","background-repeat":"repeat","background-position":"center center","background-size":"auto","background-attachment":"scroll","background-type":"","background-media":"","overlay-type":"","overlay-color":"","overlay-opacity":"","overlay-gradient":""},"tablet":{"background-color":"","background-image":"","background-repeat":"repeat","background-position":"center center","background-size":"auto","background-attachment":"scroll","background-type":"","background-media":"","overlay-type":"","overlay-color":"","overlay-opacity":"","overlay-gradient":""},"mobile":{"background-color":"","background-image":"","background-repeat":"repeat","background-position":"center center","background-size":"auto","background-attachment":"scroll","background-type":"","background-media":"","overlay-type":"","overlay-color":"","overlay-opacity":"","overlay-gradient":""}},"ast-content-background-meta":{"desktop":{"background-color":"var(--ast-global-color-5)","background-image":"","background-repeat":"repeat","background-position":"center center","background-size":"auto","background-attachment":"scroll","background-type":"","background-media":"","overlay-type":"","overlay-color":"","overlay-opacity":"","overlay-gradient":""},"tablet":{"background-color":"var(--ast-global-color-5)","background-image":"","background-repeat":"repeat","background-position":"center center","background-size":"auto","background-attachment":"scroll","background-type":"","background-media":"","overlay-type":"","overlay-color":"","overlay-opacity":"","overlay-gradient":""},"mobile":{"background-color":"var(--ast-global-color-5)","background-image":"","background-repeat":"repeat","background-position":"center center","background-size":"auto","background-attachment":"scroll","background-type":"","background-media":"","overlay-type":"","overlay-color":"","overlay-opacity":"","overlay-gradient":""}},"footnotes":""},"class_list":["post-53","page","type-page","status-publish","hentry"],"_links":{"self":[{"href":"https:\/\/yoganesha-aubagne.fr\/index.php\/wp-json\/wp\/v2\/pages\/53","targetHints":{"allow":["GET"]}}],"collection":[{"href":"https:\/\/yoganesha-aubagne.fr\/index.php\/wp-json\/wp\/v2\/pages"}],"about":[{"href":"https:\/\/yoganesha-aubagne.fr\/index.php\/wp-json\/wp\/v2\/types\/page"}],"author":[{"embeddable":true,"href":"https:\/\/yoganesha-aubagne.fr\/index.php\/wp-json\/wp\/v2\/users\/1"}],"replies":[{"embeddable":true,"href":"https:\/\/yoganesha-aubagne.fr\/index.php\/wp-json\/wp\/v2\/comments?post=53"}],"version-history":[{"count":10,"href":"https:\/\/yoganesha-aubagne.fr\/index.php\/wp-json\/wp\/v2\/pages\/53\/revisions"}],"predecessor-version":[{"id":566,"href":"https:\/\/yoganesha-aubagne.fr\/index.php\/wp-json\/wp\/v2\/pages\/53\/revisions\/566"}],"wp:attachment":[{"href":"https:\/\/yoganesha-aubagne.fr\/index.php\/wp-json\/wp\/v2\/media?parent=53"}],"curies":[{"name":"wp","href":"https:\/\/api.w.org\/{rel}","templated":true}]}}